or of 111 and z.
37
Let c = 100 - 66. Let i(o) = -54*o - 106. Let v be i(-2). Let y(f) = 43*f**2 + 2*f - 6. Let x be y(v). Calculate the highest common factor of x and c.
34
Suppose 62 = -k + 145. Suppose k = 5*j - 2*f, 4*j = -3*f - f + 44. Calculate the greatest common factor of 75 and j.
15
Let j = -16 - -31. Let y be (-8)/(24/(-9)) + 2 + -2. Let z be 10/((-2)/12 - (-1)/y). Calculate the greatest common divisor of j and z.
15
Let c(q) = -3*q**2 - 306*q - 739. Let r be c(-95). What is the highest common factor of r and 16?
8
Let k be (-1)/(-3) + (-12631)/(-51). Let f be k/20 + (-2)/5. Calculate the greatest common factor of 24 and f.
12
Let z be ((-2868)/(-10) - 3) + (-2)/(-10). Let f be 3/12 + z/16. Suppose 59 + 85 = 2*n. Calculate the greatest common factor of n and f.
18
Let h(t) = -t**2 - 69*t - 1139. Let n be h(-28). Calculate the highest common factor of n and 87.
3
Suppose -1870*y = -1869*y - 3*k - 2, -34 = -5*y + 3*k. Let m = 30 - 104. Let p = 138 + m. Calculate the highest common divisor of p and y.
8
Let z(t) = 5*t**2 - 26*t + 9. Let r be z(6). Let k be r/(-88) + (-235)/(-8). Calculate the greatest common factor of 203 and k.
29
Let q = 21 + 18. Suppose 4*z = -4*u + 224, 32*u - 33*u = -2*z + 100. What is the greatest common factor of q and z?
13
Let n = -362 + 371. Let c(p) = -p**3 + 9*p**2 + 10*p - 25. Let z be c(n). Calculate the greatest common factor of z and 260.
65
Let f(m) = m**3 - 27*m**2 - 238*m + 3. Let n be f(-7). Calculate the highest common divisor of n and 334.
1
Suppose 4*b + 40 = 8*b - 5*p, -p = 4. Suppose -b*j + 36 = 5*d + 11, 2*d + 25 = 5*j. Suppose -j*h + 82 = -143. What is the highest common divisor of h and 5?
5
Suppose 26*p - 24*p = 4. Suppose s + a = -s + 61, 0 = -s + p*a + 18. Suppose 0 = 4*z + s - 96. What is the highest common divisor of z and 119?
17
Let s be (-10)/8*584/(-5475) - 2428/(-15). Let i = -1 - -1. Suppose -z = -1, -5*t + 87 = -i*z - 3*z. What is the highest common divisor of t and s?
18
Suppose -9*x - 5*w - 15 = -4*x, 4*x - w = -17. Let b be ((-18)/(-66))/(x/(-44)). Calculate the greatest common divisor of 1 and b.
1
Let f = -194 + 196. Let v(a) = 2*a**3 + 2*a**2 - a + 4. Let d be v(f). Calculate the greatest common factor of 26 and d.
26
Suppose 0 = 2*g - 2*i, -5*g + 3*i = -0*g - 8. Let n be 160/3*(1 - -2). Let r be ((n/(-6))/(-4))/(g/18). What is the greatest common divisor of r and 240?
30
Suppose j - 50 = -20 + 59. What is the highest common factor of j and 7209?
89
Let n be (-1 - (1 - 1))/(3/(-6)). Let y be (1/n)/((-2)/(-16)). Let z be (-1 + 21)/(212/52 - y). What is the highest common factor of z and 52?
52
Let u = -22977 + 23129. What is the highest common divisor of 2337 and u?
19
Let b be (-96)/(-80)*((-3)/(-1) + 2). What is the highest common factor of b and 178?
2
Suppose 3*m + 12*x - 7*x - 1430 = 0, -m + 510 = -5*x. Suppose -15*d - 35 = -m. Calculate the greatest common divisor of 480 and d.
30
Let r(s) = -46*s + 114 + 50*s - 49*s**2 + 20*s + 50*s**2. Let j be r(-20). Calculate the greatest common divisor of j and 2.
2
Suppose 7*l + 3010 = 770. Let c be 2/(-6) + l/(-15) + -2. Suppose -c = 5*o - 49. What is the greatest common divisor of 2 and o?
2
Let b(j) = -j**3 + 63*j**2 - 176*j - 25. Let t be b(60). Calculate the highest common factor of 155 and t.
5
Let p be (-1 + 2)/((-8 - -10) + -3). Let d(t) = -65*t**3 - 6*t**2 - 7*t - 2. Let k be d(p). Calculate the highest common divisor of 48 and k.
16
Let m be 13 + 4*(-10)/(-40). Calculate the greatest common divisor of m and 6202.
14
Suppose -2*p = -7*p - 5. Let m be -4*(-1 - -3)/p. Let d = -7296 + 7300. Calculate the highest common divisor of d and m.
4
Suppose 119*p - 353 = 112*p + 67. Calculate the highest common factor of p and 336.
12
Let r = -59 - -47. Let h be (0 + r/9)/((-10)/945). Calculate the greatest common divisor of 21 and h.
21
Suppose 131 = 3*s - 2*y + 364, s - 2*y + 79 = 0. Let p = 177 + s. Let z = -9075 + 9085. What is the greatest common factor of z and p?
10
Let y(k) = -98*k + 385. Let a be y(-11). What is the greatest common factor of a and 266?
133
Let o be ((-315)/(-6))/(30/280). What is the greatest common factor of 154 and o?
14
Suppose 0 = -2*o + u + 19, -2*o - o + 18 = 2*u. Let f be 176/4 - (3 - o). What is the highest common divisor of 49 and f?
49
Let y(u) = 25*u + 3. Suppose 373*d = 380*d - 14. Let b be y(d). Calculate the greatest common divisor of b and 689.
53
Let a(n) = 2*n**2 + 22*n + 30. Let m be a(-12). Let w be ((-692)/18)/(-2) + (-12)/m. What is the greatest common factor of w and 19?
19
Let y be ((-325)/(-39) + -5)*459/15. What is the greatest common divisor of 680 and y?
34
Suppose 3*o = -4*i + o + 2808, -i + 4*o = -702. Suppose 2*x = 15*x - i. Calculate the greatest common factor of x and 126.
18
Suppose -53*a = -59*a + 29484. Suppose 29*r + a = 50*r. What is the highest common factor of 52 and r?
26
Let k be (6 + -1)*(-4 - (-43)/5). Suppose -3*z + 169 = -a - 72, -5*a = -5*z + 415. Let w = z - -13. What is the highest common divisor of w and k?
23
Let b be -2*(-2)/6 + (-49259)/372*-8. Calculate the highest common divisor of b and 160.
20
Let d = -15 + 28. Suppose 3*h + a + 3*a = 10, h = 5*a + 16. Let l(x) = x**2 + 3*x - 2. Let p be l(h). What is the highest common divisor of p and d?
13
Suppose -93*s = 5*s - 3504 - 2376. Calculate the greatest common factor of 4740 and s.
60
Suppose -d - 4 = 6*b - 2*b, 0 = -3*d + 4*b + 20. Suppose 0 = d*j - 94 + 262. Let h be (0 + 36/j)/((-2)/14). What is the greatest common divisor of 18 and h?
6
Let w = -2342 - -2457. Suppose -l - 2*l = -4*a + 80, 3*l + 57 = 3*a. Calculate the highest common divisor of w and a.
23
Let r(i) = -33*i**2 + 4*i - 4. Let a be r(1). Let f be 3/(-33) + (-399)/a. Calculate the greatest common divisor of f and 36.
12
Suppose -4*d = 4*h - 124, 4*d + 60 = -2*h + 6*h. Let a be ((-4)/8)/((-2)/644). Calculate the greatest common divisor of a and h.
23
Suppose 0*f - 5*f = -p - 2032, f - 410 = -p. Suppose 137*t - 1223 - 2561 = 1285. What is the highest common divisor of t and f?
37
Let u = 31 - 17. Let p = 325 + -321. Suppose -n - 5*h + 39 = -56, 0 = -p*n + h + 275. What is the greatest common factor of n and u?
14
Let a(i) be the third derivative of i**6/60 + 11*i**5/20 + 13*i**4/24 - 25*i**3/6 + 211*i**2. Let l be a(-16). Calculate the highest common factor of 299 and l.
23
Suppose 3*u - 2*d = -u + 38, 5*u + d = 37. Let l(c) = c**3 + 15*c**2 + 9*c - 117. Let m be l(-13). What is the highest common factor of m and u?
8
Suppose 132 = 4*c + t + 20, -5*t - 78 = -2*c. Suppose -c*x + 263 = -1042. What is the greatest common divisor of 30 and x?
15
Suppose 5*v - 11*f = -12*f + 49, 0 = 4*v - 3*f - 43. Let a = 418 - 138. What is the greatest common factor of a and v?
10
Suppose 2*o = 5*d + 105, d - 54 - 211 = -4*o. Suppose -4*y = 2*y - 534. Let p = y - o. What is the greatest common divisor of 32 and p?
8
Suppose 2*r = v + 1262, 2 = -370*v + 369*v. Calculate the greatest common divisor of r and 288.
18
Let i(r) be the third derivative of r**4/24 + 8*r**3/3 - 19*r**2. Let u be i(8). Calculate the greatest common divisor of u and 96.
24
Let y = -829 + 2991. Calculate the greatest common divisor of y and 115.
23
Suppose -228*n = -234*n + 504. Suppose -2*t + 20 + 100 = 0. What is the highest common divisor of n and t?
12
Let w = 477 + -476. Let l be 19*(7 - 6) + w. What is the greatest common factor of 25 and l?
5
Let p be (-15)/(-30) - 87/(-2). Let t be (11/(p/(-10)))/(2/(-4)). Calculate the greatest common factor of 115 and t.
5
Suppose -60*v = -62*v + 218. Suppose -2*s + v + 71 = 2*k, k = 0. Calculate the greatest common divisor of s and 45.
45
Let n = 357 + 197. Suppose -n = 2*m - 558. What is the highest common divisor of 34 and m?
2
Let t(d) = 313*d + 9. Let x be t(1). What is the greatest common divisor of x and 598?
46
Let s = -8 - -82. Suppose -s + 35 = -13*c. What is the greatest common divisor of c and 141?
3
Let c = 8095 + -4570. Calculate the greatest common divisor of c and 375.
75
Let t = 2363 - 1094. Calculate the greatest common factor of 47 and t.
47
Let j be (-29)/(-4) - 1300/400. Suppose 0 = -5*r + 7 + 8. Suppose 8*x + 3*i - 2 = r*x, -i = -j*x + 5. Calculate the greatest common divisor of x and 1.
1
Let v be 118/10 + 11/(51 + 4).